{"id":3714,"date":"2021-08-01T17:23:33","date_gmt":"2021-08-01T15:23:33","guid":{"rendered":"https:\/\/www.meinuhrmacher24.de\/online-uhrreparatur\/?page_id=3714"},"modified":"2021-08-01T17:56:10","modified_gmt":"2021-08-01T15:56:10","slug":"3714-2","status":"publish","type":"page","link":"https:\/\/www.meinuhrmacher24.de\/online-uhrreparatur\/3714-2\/","title":{"rendered":"Blog"},"content":{"rendered":"\n[et_pb_section fb_built=&#8220;1&#8243; _builder_version=&#8220;4.9.10&#8243; _module_preset=&#8220;default&#8220; background_image=&#8220;https:\/\/www.meinuhrmacher24.de\/wp-content\/uploads\/2021\/08\/mechanical-2901094_1920.jpg&#8220;][et_pb_row _builder_version=&#8220;4.9.10&#8243; _module_preset=&#8220;default&#8220; background_color=&#8220;rgba(0,0,0,0.29)&#8220;][et_pb_column type=&#8220;4_4&#8243; _builder_version=&#8220;4.9.10&#8243; _module_preset=&#8220;default&#8220;][et_pb_text _builder_version=&#8220;4.9.10&#8243; _module_preset=&#8220;default&#8220; text_text_color=&#8220;#FFFFFF&#8220; text_font_size=&#8220;16px&#8220;]<p style=\"text-align: center;\">Der MeinUhrmacher24<\/p>[\/et_pb_text][et_pb_text _builder_version=&#8220;4.9.10&#8243; _module_preset=&#8220;default&#8220; text_font=&#8220;||||on|||#FFFFFF|&#8220; text_text_color=&#8220;#E09900&#8243; text_font_size=&#8220;50px&#8220; text_font_size_tablet=&#8220;&#8220; text_font_size_phone=&#8220;&#8220; text_font_size_last_edited=&#8220;on|desktop&#8220;]<p style=\"text-align: center;\">Blog<\/p>[\/et_pb_text][et_pb_text _builder_version=&#8220;4.9.10&#8243; _module_preset=&#8220;default&#8220; text_text_color=&#8220;#FFFFFF&#8220;]<p style=\"text-align: center;\">Tipps und Tricks f\u00fcr lange Freude an Ihrer Uhr<\/p>[\/et_pb_text][\/et_pb_column][\/et_pb_row][\/et_pb_section][et_pb_section fb_built=&#8220;1&#8243; _builder_version=&#8220;4.9.10&#8243; _module_preset=&#8220;default&#8220; background_color=&#8220;rgba(224,153,0,0.07)&#8220;][et_pb_row _builder_version=&#8220;4.9.10&#8243; _module_preset=&#8220;default&#8220; hover_enabled=&#8220;0&#8243; sticky_enabled=&#8220;0&#8243;][et_pb_column type=&#8220;4_4&#8243; _builder_version=&#8220;4.9.10&#8243; _module_preset=&#8220;default&#8220;][et_pb_text _builder_version=&#8220;4.9.10&#8243; _module_preset=&#8220;default&#8220; hover_enabled=&#8220;0&#8243; sticky_enabled=&#8220;0&#8243; text_font_size=&#8220;16px&#8220; text_font_size_last_edited=&#8220;on|phone&#8220; text_font_size_phone=&#8220;11px&#8220;]<p>Lieber Uhrenfreund,<br \/>Liebe Uhrenfreundin,<\/p>[\/et_pb_text][et_pb_text _builder_version=&#8220;4.9.10&#8243; _module_preset=&#8220;default&#8220; hover_enabled=&#8220;0&#8243; sticky_enabled=&#8220;0&#8243; custom_margin=&#8220;-10px||||false|false&#8220; custom_margin_last_edited=&#8220;on|phone&#8220;]<p>herzlich willkommen auf der Startseite unseres zuk\u00fcnftigen MeinUhrmacher24-Blogs.<\/p>\n<p>Hier erh\u00e4ltst Du zuk\u00fcnftig die topaktuellsten Tipps, Tricks und Life-Hacks rund um Deine Uhr.<br \/>Diese helfen Dir zum Einem bei der richtigen Handhabung Deiner Uhr, wodurch Du teuren Anf\u00e4nger-Fehlern (wie z.B. falschem Aufziehen) beim Umgang mit Deiner erfolgreich aus dem Weg gehst.<\/p>\n<p>Zum Anderen erh\u00e4lst Du hier auch kompetente Ratschl\u00e4ge von unseren Partner-Juwelieren und Uhrmachermeistern von der Wahl des am besten zu Dir passenden Uhrentyps bis zum Finden des idealen Armbands.<\/p>\n<p>Du willst bereits schon jetzt von diesem Know-how profitieren ?!<\/p>\n<p>Dann folge uns am auf Instagram unter:<\/p>[\/et_pb_text][\/et_pb_column][\/et_pb_row][et_pb_row _builder_version=&#8220;4.9.10&#8243; _module_preset=&#8220;default&#8220; column_structure=&#8220;1_2,1_2&#8243; hover_enabled=&#8220;0&#8243; sticky_enabled=&#8220;0&#8243; module_alignment=&#8220;center&#8220; custom_padding=&#8220;||||false|false&#8220; custom_padding_last_edited=&#8220;on|tablet&#8220; custom_padding_phone=&#8220;|||70px|false|false&#8220; custom_padding_tablet=&#8220;|||200px|false|false&#8220;][et_pb_column _builder_version=&#8220;4.9.10&#8243; _module_preset=&#8220;default&#8220; type=&#8220;1_2&#8243;][et_pb_social_media_follow _builder_version=&#8220;4.9.10&#8243; _module_preset=&#8220;default&#8220; hover_enabled=&#8220;0&#8243; sticky_enabled=&#8220;0&#8243; text_orientation=&#8220;right&#8220; custom_button=&#8220;on&#8220; button_text_size=&#8220;18px&#8220; button_text_color=&#8220;#727272&#8243; use_icon_font_size=&#8220;on&#8220; icon_font_size=&#8220;22px&#8220; text_orientation_last_edited=&#8220;on|tablet&#8220; text_orientation_phone=&#8220;left&#8220; text_orientation_tablet=&#8220;left&#8220;][et_pb_social_media_follow_network social_network=&#8220;instagram&#8220; background_color=&#8220;#ea2c59&#8243; _builder_version=&#8220;4.9.10&#8243; _module_preset=&#8220;default&#8220; follow_button=&#8220;on&#8220; url_new_window=&#8220;on&#8220; url=&#8220;https:\/\/www.instagram.com\/meinuhrmacher24\/&#8220; hover_enabled=&#8220;0&#8243; sticky_enabled=&#8220;0&#8243;]instagram[\/et_pb_social_media_follow_network][\/et_pb_social_media_follow][\/et_pb_column][et_pb_column _builder_version=&#8220;4.9.10&#8243; _module_preset=&#8220;default&#8220; type=&#8220;1_2&#8243;][et_pb_text _builder_version=&#8220;4.9.10&#8243; _module_preset=&#8220;default&#8220; hover_enabled=&#8220;0&#8243; sticky_enabled=&#8220;0&#8243; custom_padding=&#8220;13px||||false|false&#8220; text_font_size=&#8220;18px&#8220;]<p style=\"text-align: left;\">#MeinUhrmacher24<\/p>[\/et_pb_text][\/et_pb_column][\/et_pb_row][et_pb_row _builder_version=&#8220;4.9.10&#8243; _module_preset=&#8220;default&#8220;][et_pb_column _builder_version=&#8220;4.9.10&#8243; _module_preset=&#8220;default&#8220; type=&#8220;4_4&#8243;][et_pb_text _builder_version=&#8220;4.9.10&#8243; _module_preset=&#8220;default&#8220; hover_enabled=&#8220;0&#8243; sticky_enabled=&#8220;0&#8243;]<p>Wir freuen uns, Dir hier schon bald spannende Einblicke und hilfreiche Infos zu bieten.<\/p>\n<p>Bis demn\u00e4chst,<\/p>\n<p>Dein MeinUhrmacher24-Team<\/p>[\/et_pb_text][\/et_pb_column][\/et_pb_row][\/et_pb_section]\n","protected":false},"excerpt":{"rendered":"<p>Der MeinUhrmacher24BlogTipps und Tricks f\u00fcr lange Freude an Ihrer UhrLieber Uhrenfreund,Liebe Uhrenfreundin,herzlich willkommen auf der Startseite unseres zuk\u00fcnftigen MeinUhrmacher24-Blogs. Hier erh\u00e4ltst Du zuk\u00fcnftig die topaktuellsten Tipps, Tricks und Life-Hacks rund um Deine Uhr.Diese helfen Dir zum Einem bei der richtigen Handhabung Deiner Uhr, wodurch Du teuren Anf\u00e4nger-Fehlern (wie z.B. falschem Aufziehen) beim Umgang mit Deiner [&hellip;]<\/p>\n","protected":false},"author":1,"featured_media":0,"parent":0,"menu_order":0,"comment_status":"closed","ping_status":"closed","template":"","meta":{"_et_pb_use_builder":"on","_et_pb_old_content":"","_et_gb_content_width":"","footnotes":""},"_links":{"self":[{"href":"https:\/\/www.meinuhrmacher24.de\/online-uhrreparatur\/wp-json\/wp\/v2\/pages\/3714"}],"collection":[{"href":"https:\/\/www.meinuhrmacher24.de\/online-uhrreparatur\/wp-json\/wp\/v2\/pages"}],"about":[{"href":"https:\/\/www.meinuhrmacher24.de\/online-uhrreparatur\/wp-json\/wp\/v2\/types\/page"}],"author":[{"embeddable":true,"href":"https:\/\/www.meinuhrmacher24.de\/online-uhrreparatur\/wp-json\/wp\/v2\/users\/1"}],"replies":[{"embeddable":true,"href":"https:\/\/www.meinuhrmacher24.de\/online-uhrreparatur\/wp-json\/wp\/v2\/comments?post=3714"}],"version-history":[{"count":0,"href":"https:\/\/www.meinuhrmacher24.de\/online-uhrreparatur\/wp-json\/wp\/v2\/pages\/3714\/revisions"}],"wp:attachment":[{"href":"https:\/\/www.meinuhrmacher24.de\/online-uhrreparatur\/wp-json\/wp\/v2\/media?parent=3714"}],"curies":[{"name":"wp","href":"https:\/\/api.w.org\/{rel}","templated":true}]}}